{"id":209,"date":"2019-10-19T16:42:46","date_gmt":"2019-10-19T14:42:46","guid":{"rendered":"http:\/\/serreponconvollibre.unblog.fr\/?page_id=209"},"modified":"2025-01-22T23:33:52","modified_gmt":"2025-01-22T22:33:52","slug":"11-col-de-la-gardette","status":"publish","type":"page","link":"https:\/\/spvl.fr\/index.php\/11-col-de-la-gardette\/","title":{"rendered":"Col de la Gardette"},"content":{"rendered":"<h2 style=\"text-align: center;\">Col de la Gardette<\/h2>\n<p>d\u00e9co SW \u00e0 W, \u00e0 utiliser plut\u00f4t l\u2019apr\u00e8s midi, les brises vont s\u2019orienter du SE \u00e0 l\u2019W pendant la journ\u00e9e.<\/p>\n<p>D\u00e9co sauvage, altitude 2130<\/p>\n<p><a href=\"https:\/\/www.google.com\/maps\/place\/44%C2%B035'18.8%22N+6%C2%B018'28.9%22E\/@44.5885611,6.3065699,314m\/data=!3m2!1e3!4b1!4m10!1m5!3m4!2zNDTCsDM1JzIxLjYiTiA2wrAxOCcyOC41IkU!8m2!3d44.589338!4d6.307928!3m3!8m2!3d44.58856!4d6.308018?entry=ttu&amp;g_ep=EgoyMDI1MDEyMC4wIKXMDSoASAFQAw%3D%3D\">GPS\u00a0:44.589338 &#8211; 6.307928<\/a><\/p>\n<p>acc\u00e8s \u00e0 pied depuis la barri\u00e8re du jardin des gardes (parking).<\/p>\n<p>D\u00e9co court (on peut d\u00e9coller sur un replat 50m plus bas)<\/p>\n","protected":false},"excerpt":{"rendered":"<p>Col de la Gardette d\u00e9co SW \u00e0 W, \u00e0 utiliser plut\u00f4t l\u2019apr\u00e8s midi, les brises vont s\u2019orienter du SE \u00e0 l\u2019W pendant la journ\u00e9e. D\u00e9co sauvage, altitude 2130 GPS\u00a0:44.589338 &#8211; 6.307928 acc\u00e8s \u00e0 pied depuis la barri\u00e8re du jardin des gardes (parking). D\u00e9co court (on peut d\u00e9coller sur un replat 50m plus bas)<\/p>\n","protected":false},"author":1,"featured_media":0,"parent":0,"menu_order":8,"comment_status":"closed","ping_status":"closed","template":"","meta":{"footnotes":""},"class_list":["post-209","page","type-page","status-publish","hentry"],"_links":{"self":[{"href":"https:\/\/spvl.fr\/index.php\/wp-json\/wp\/v2\/pages\/209","targetHints":{"allow":["GET"]}}],"collection":[{"href":"https:\/\/spvl.fr\/index.php\/wp-json\/wp\/v2\/pages"}],"about":[{"href":"https:\/\/spvl.fr\/index.php\/wp-json\/wp\/v2\/types\/page"}],"author":[{"embeddable":true,"href":"https:\/\/spvl.fr\/index.php\/wp-json\/wp\/v2\/users\/1"}],"replies":[{"embeddable":true,"href":"https:\/\/spvl.fr\/index.php\/wp-json\/wp\/v2\/comments?post=209"}],"version-history":[{"count":3,"href":"https:\/\/spvl.fr\/index.php\/wp-json\/wp\/v2\/pages\/209\/revisions"}],"predecessor-version":[{"id":310,"href":"https:\/\/spvl.fr\/index.php\/wp-json\/wp\/v2\/pages\/209\/revisions\/310"}],"wp:attachment":[{"href":"https:\/\/spvl.fr\/index.php\/wp-json\/wp\/v2\/media?parent=209"}],"curies":[{"name":"wp","href":"https:\/\/api.w.org\/{rel}","templated":true}]}}

<h2 style="text-align: center;">Col de la Gardette</h2>
<p>déco SW à W, à utiliser plutôt l’après midi, les brises vont s’orienter du SE à l’W pendant la journée.</p>
<p>Déco sauvage, altitude 2130</p>
<p><a href="https://www.google.com/maps/place/44%C2%B035'18.8%22N+6%C2%B018'28.9%22E/@44.5885611,6.3065699,314m/data=!3m2!1e3!4b1!4m10!1m5!3m4!2zNDTCsDM1JzIxLjYiTiA2wrAxOCcyOC41IkU!8m2!3d44.589338!4d6.307928!3m3!8m2!3d44.58856!4d6.308018?entry=ttu&amp;g_ep=EgoyMDI1MDEyMC4wIKXMDSoASAFQAw%3D%3D">GPS :44.589338 &#8211; 6.307928</a></p>
<p>accès à pied depuis la barrière du jardin des gardes (parking).</p>
<p>Déco court (on peut décoller sur un replat 50m plus bas)</p>

<p>Col de la Gardette déco SW à W, à utiliser plutôt l’après midi, les brises vont s’orienter du SE à l’W pendant la journée. Déco sauvage, altitude 2130 GPS :44.589338 &#8211; 6.307928 accès à pied depuis la barrière du jardin des gardes (parking). Déco court (on peut décoller sur un replat 50m plus bas)</p>
