{"id":198,"date":"2019-10-19T16:38:02","date_gmt":"2019-10-19T14:38:02","guid":{"rendered":"http:\/\/serreponconvollibre.unblog.fr\/?page_id=198"},"modified":"2025-01-22T23:34:36","modified_gmt":"2025-01-22T22:34:36","slug":"8-petit-clot-rond","status":"publish","type":"page","link":"https:\/\/spvl.fr\/index.php\/8-petit-clot-rond\/","title":{"rendered":"\u2018\u2019Petit\u2019\u2019 Clot Rond"},"content":{"rendered":"<h2 style=\"text-align: center;\">\u00ab\u00a0Petit\u00a0\u00bb Clot Rond<\/h2>\n<p>d\u00e9co S, \u00e0 utiliser plut\u00f4t le matin, les brises vont s\u2019orienter du SE \u00e0 l\u2019W pendant la journ\u00e9e.<\/p>\n<p>D\u00e9co sauvage, altitude 1910<\/p>\n<p><a href=\"https:\/\/www.google.com\/maps\/place\/44%C2%B035'33.3%22N+6%C2%B016'28.7%22E\/@44.5928086,6.2716136,628m\/data=!3m1!1e3!4m4!3m3!8m2!3d44.592575!4d6.27464?entry=ttu&amp;g_ep=EgoyMDI1MDEyMC4wIKXMDSoASAFQAw%3D%3D\">GPS\u00a0:44.592575 &#8211; 6.27464<\/a><\/p>\n<p>acc\u00e8s \u00e0 pied depuis Serre Michel (parking) via la cabane du berger, ou la barri\u00e8re du jardin des gardes (parking).<\/p>\n","protected":false},"excerpt":{"rendered":"<p>\u00ab\u00a0Petit\u00a0\u00bb Clot Rond d\u00e9co S, \u00e0 utiliser plut\u00f4t le matin, les brises vont s\u2019orienter du SE \u00e0 l\u2019W pendant la journ\u00e9e. D\u00e9co sauvage, altitude 1910 GPS\u00a0:44.592575 &#8211; 6.27464 acc\u00e8s \u00e0 pied depuis Serre Michel (parking) via la cabane du berger, ou la barri\u00e8re du jardin des gardes (parking).<\/p>\n","protected":false},"author":1,"featured_media":0,"parent":0,"menu_order":9,"comment_status":"closed","ping_status":"closed","template":"","meta":{"footnotes":""},"class_list":["post-198","page","type-page","status-publish","hentry"],"_links":{"self":[{"href":"https:\/\/spvl.fr\/index.php\/wp-json\/wp\/v2\/pages\/198","targetHints":{"allow":["GET"]}}],"collection":[{"href":"https:\/\/spvl.fr\/index.php\/wp-json\/wp\/v2\/pages"}],"about":[{"href":"https:\/\/spvl.fr\/index.php\/wp-json\/wp\/v2\/types\/page"}],"author":[{"embeddable":true,"href":"https:\/\/spvl.fr\/index.php\/wp-json\/wp\/v2\/users\/1"}],"replies":[{"embeddable":true,"href":"https:\/\/spvl.fr\/index.php\/wp-json\/wp\/v2\/comments?post=198"}],"version-history":[{"count":2,"href":"https:\/\/spvl.fr\/index.php\/wp-json\/wp\/v2\/pages\/198\/revisions"}],"predecessor-version":[{"id":311,"href":"https:\/\/spvl.fr\/index.php\/wp-json\/wp\/v2\/pages\/198\/revisions\/311"}],"wp:attachment":[{"href":"https:\/\/spvl.fr\/index.php\/wp-json\/wp\/v2\/media?parent=198"}],"curies":[{"name":"wp","href":"https:\/\/api.w.org\/{rel}","templated":true}]}}