{"id":181,"date":"2019-10-19T16:27:28","date_gmt":"2019-10-19T14:27:28","guid":{"rendered":"http:\/\/serreponconvollibre.unblog.fr\/?page_id=181"},"modified":"2025-01-22T23:30:34","modified_gmt":"2025-01-22T22:30:34","slug":"4-pra-gasta","status":"publish","type":"page","link":"https:\/\/spvl.fr\/index.php\/4-pra-gasta\/","title":{"rendered":"Pra Gasta"},"content":{"rendered":"<h1 style=\"text-align: center;\">Pra Gasta<\/h1>\n<p>d\u00e9co SE \u00e0 S, \u00e0 utiliser plut\u00f4t le matin pour des d\u00e9parts en cross, les brises vont s\u2019orienter du SE \u00e0 l\u2019W pendant la journ\u00e9e.<\/p>\n<p>D\u00e9co sauvage, altitude 2080<\/p>\n<p><a href=\"https:\/\/www.google.com\/maps\/place\/44%C2%B035'55.4%22N+6%C2%B016'20.9%22E\/@44.5992627,6.2722727,628m\/data=!3m1!1e3!4m4!3m3!8m2!3d44.598707!4d6.272483?entry=ttu&amp;g_ep=EgoyMDI1MDEyMC4wIKXMDSoASAFQAw%3D%3D\">GPS\u00a0:44.598707 &#8211; 6.272483<\/a><\/p>\n<p>acc\u00e8s \u00e0 pied depuis Serre Michel (parking) via la cabane du berger, ou la barri\u00e8re du jardin des gardes (parking).<\/p>\n","protected":false},"excerpt":{"rendered":"<p>Pra Gasta d\u00e9co SE \u00e0 S, \u00e0 utiliser plut\u00f4t le matin pour des d\u00e9parts en cross, les brises vont s\u2019orienter du SE \u00e0 l\u2019W pendant la journ\u00e9e. D\u00e9co sauvage, altitude 2080 GPS\u00a0:44.598707 &#8211; 6.272483 acc\u00e8s \u00e0 pied depuis Serre Michel (parking) via la cabane du berger, ou la barri\u00e8re du jardin des gardes (parking).<\/p>\n","protected":false},"author":1,"featured_media":0,"parent":0,"menu_order":5,"comment_status":"closed","ping_status":"closed","template":"","meta":{"footnotes":""},"class_list":["post-181","page","type-page","status-publish","hentry"],"_links":{"self":[{"href":"https:\/\/spvl.fr\/index.php\/wp-json\/wp\/v2\/pages\/181","targetHints":{"allow":["GET"]}}],"collection":[{"href":"https:\/\/spvl.fr\/index.php\/wp-json\/wp\/v2\/pages"}],"about":[{"href":"https:\/\/spvl.fr\/index.php\/wp-json\/wp\/v2\/types\/page"}],"author":[{"embeddable":true,"href":"https:\/\/spvl.fr\/index.php\/wp-json\/wp\/v2\/users\/1"}],"replies":[{"embeddable":true,"href":"https:\/\/spvl.fr\/index.php\/wp-json\/wp\/v2\/comments?post=181"}],"version-history":[{"count":2,"href":"https:\/\/spvl.fr\/index.php\/wp-json\/wp\/v2\/pages\/181\/revisions"}],"predecessor-version":[{"id":307,"href":"https:\/\/spvl.fr\/index.php\/wp-json\/wp\/v2\/pages\/181\/revisions\/307"}],"wp:attachment":[{"href":"https:\/\/spvl.fr\/index.php\/wp-json\/wp\/v2\/media?parent=181"}],"curies":[{"name":"wp","href":"https:\/\/api.w.org\/{rel}","templated":true}]}}