{"id":163,"date":"2019-10-19T16:00:32","date_gmt":"2019-10-19T14:00:32","guid":{"rendered":"http:\/\/serreponconvollibre.unblog.fr\/?page_id=163"},"modified":"2025-03-31T18:46:59","modified_gmt":"2025-03-31T16:46:59","slug":"champ-froid","status":"publish","type":"page","link":"https:\/\/spvl.fr\/index.php\/champ-froid\/","title":{"rendered":"Champ Froid"},"content":{"rendered":"<h1 style=\"text-align: center;\">Champ Froid<\/h1>\n<p>d\u00e9co SE \u00e0 S, \u00e0 utiliser plut\u00f4t le matin pour des vols tranquilles, les brises vont s\u2019orienter du SE \u00e0 l\u2019W pendant la journ\u00e9e.<\/p>\n<p>D\u00e9co labellis\u00e9 FFVL\u00a0; altitude 1400<\/p>\n<p><a href=\"https:\/\/www.google.com\/maps\/place\/44%C2%B034'24.6%22N+6%C2%B016'50.6%22E\/@44.5734218,6.2798278,222m\/data=!3m1!1e3!4m4!3m3!8m2!3d44.57351!4d6.280733?entry=ttu&amp;g_ep=EgoyMDI1MDEyMC4wIKXMDSoASAFQAw%3D%3D\">GPS\u00a0:44.57351 &#8211; 6.280733<\/a><\/p>\n<p>acc\u00e8s en voiture<\/p>\n<p>&nbsp;<\/p>\n\n\n<figure class=\"wp-block-gallery has-nested-images columns-default is-cropped wp-block-gallery-1 is-layout-flex wp-block-gallery-is-layout-flex\">\n<figure class=\"wp-block-image size-large\"><img loading=\"lazy\" decoding=\"async\" width=\"1024\" height=\"461\" data-id=\"426\" src=\"https:\/\/spvl.fr\/wp-content\/uploads\/2025\/03\/2025-02-03-Champ-Froid-Parking-1024x461.jpg\" alt=\"\" class=\"wp-image-426\" srcset=\"https:\/\/spvl.fr\/wp-content\/uploads\/2025\/03\/2025-02-03-Champ-Froid-Parking-1024x461.jpg 1024w, https:\/\/spvl.fr\/wp-content\/uploads\/2025\/03\/2025-02-03-Champ-Froid-Parking-300x135.jpg 300w, https:\/\/spvl.fr\/wp-content\/uploads\/2025\/03\/2025-02-03-Champ-Froid-Parking-768x346.jpg 768w, https:\/\/spvl.fr\/wp-content\/uploads\/2025\/03\/2025-02-03-Champ-Froid-Parking-1536x692.jpg 1536w, https:\/\/spvl.fr\/wp-content\/uploads\/2025\/03\/2025-02-03-Champ-Froid-Parking-2048x923.jpg 2048w\" sizes=\"auto, (max-width: 1024px) 100vw, 1024px\" \/><\/figure>\n\n\n\n<figure class=\"wp-block-image size-large\"><img loading=\"lazy\" decoding=\"async\" width=\"1024\" height=\"462\" data-id=\"429\" src=\"https:\/\/spvl.fr\/wp-content\/uploads\/2025\/03\/2025-02-03-Champ-Froid-vue-vers-est-1024x462.jpg\" alt=\"\" class=\"wp-image-429\" srcset=\"https:\/\/spvl.fr\/wp-content\/uploads\/2025\/03\/2025-02-03-Champ-Froid-vue-vers-est-1024x462.jpg 1024w, https:\/\/spvl.fr\/wp-content\/uploads\/2025\/03\/2025-02-03-Champ-Froid-vue-vers-est-300x135.jpg 300w, https:\/\/spvl.fr\/wp-content\/uploads\/2025\/03\/2025-02-03-Champ-Froid-vue-vers-est-768x346.jpg 768w, https:\/\/spvl.fr\/wp-content\/uploads\/2025\/03\/2025-02-03-Champ-Froid-vue-vers-est-1536x693.jpg 1536w, https:\/\/spvl.fr\/wp-content\/uploads\/2025\/03\/2025-02-03-Champ-Froid-vue-vers-est-2048x924.jpg 2048w\" sizes=\"auto, (max-width: 1024px) 100vw, 1024px\" \/><\/figure>\n\n\n\n<figure class=\"wp-block-image size-large\"><img loading=\"lazy\" decoding=\"async\" width=\"1024\" height=\"461\" data-id=\"428\" src=\"https:\/\/spvl.fr\/wp-content\/uploads\/2025\/03\/2025-02-03-Champ-Froid-vue-lac-1024x461.jpg\" alt=\"\" class=\"wp-image-428\" srcset=\"https:\/\/spvl.fr\/wp-content\/uploads\/2025\/03\/2025-02-03-Champ-Froid-vue-lac-1024x461.jpg 1024w, https:\/\/spvl.fr\/wp-content\/uploads\/2025\/03\/2025-02-03-Champ-Froid-vue-lac-300x135.jpg 300w, https:\/\/spvl.fr\/wp-content\/uploads\/2025\/03\/2025-02-03-Champ-Froid-vue-lac-768x346.jpg 768w, https:\/\/spvl.fr\/wp-content\/uploads\/2025\/03\/2025-02-03-Champ-Froid-vue-lac-1536x692.jpg 1536w, https:\/\/spvl.fr\/wp-content\/uploads\/2025\/03\/2025-02-03-Champ-Froid-vue-lac-2048x923.jpg 2048w\" sizes=\"auto, (max-width: 1024px) 100vw, 1024px\" \/><\/figure>\n\n\n\n<figure class=\"wp-block-image size-large\"><img loading=\"lazy\" decoding=\"async\" width=\"1024\" height=\"462\" data-id=\"425\" src=\"https:\/\/spvl.fr\/wp-content\/uploads\/2025\/03\/2025-02-03-Champ-Froid-Deco-3-1024x462.jpg\" alt=\"\" class=\"wp-image-425\" srcset=\"https:\/\/spvl.fr\/wp-content\/uploads\/2025\/03\/2025-02-03-Champ-Froid-Deco-3-1024x462.jpg 1024w, https:\/\/spvl.fr\/wp-content\/uploads\/2025\/03\/2025-02-03-Champ-Froid-Deco-3-300x135.jpg 300w, https:\/\/spvl.fr\/wp-content\/uploads\/2025\/03\/2025-02-03-Champ-Froid-Deco-3-768x346.jpg 768w, https:\/\/spvl.fr\/wp-content\/uploads\/2025\/03\/2025-02-03-Champ-Froid-Deco-3-1536x693.jpg 1536w, https:\/\/spvl.fr\/wp-content\/uploads\/2025\/03\/2025-02-03-Champ-Froid-Deco-3-2048x924.jpg 2048w\" sizes=\"auto, (max-width: 1024px) 100vw, 1024px\" \/><\/figure>\n\n\n\n<figure class=\"wp-block-image size-large\"><img loading=\"lazy\" decoding=\"async\" width=\"1024\" height=\"462\" data-id=\"427\" src=\"https:\/\/spvl.fr\/wp-content\/uploads\/2025\/03\/2025-02-03-Champ-Froid-vers-atr-1024x462.jpg\" alt=\"\" class=\"wp-image-427\" srcset=\"https:\/\/spvl.fr\/wp-content\/uploads\/2025\/03\/2025-02-03-Champ-Froid-vers-atr-1024x462.jpg 1024w, https:\/\/spvl.fr\/wp-content\/uploads\/2025\/03\/2025-02-03-Champ-Froid-vers-atr-300x135.jpg 300w, https:\/\/spvl.fr\/wp-content\/uploads\/2025\/03\/2025-02-03-Champ-Froid-vers-atr-768x346.jpg 768w, https:\/\/spvl.fr\/wp-content\/uploads\/2025\/03\/2025-02-03-Champ-Froid-vers-atr-1536x693.jpg 1536w, https:\/\/spvl.fr\/wp-content\/uploads\/2025\/03\/2025-02-03-Champ-Froid-vers-atr-2048x924.jpg 2048w\" sizes=\"auto, (max-width: 1024px) 100vw, 1024px\" \/><\/figure>\n<\/figure>\n\n\n\n<p><\/p>\n","protected":false},"excerpt":{"rendered":"<p>Champ Froid d\u00e9co SE \u00e0 S, \u00e0 utiliser plut\u00f4t le matin pour des vols tranquilles, les brises vont s\u2019orienter du SE \u00e0 l\u2019W pendant la journ\u00e9e. D\u00e9co labellis\u00e9 FFVL\u00a0; altitude 1400 GPS\u00a0:44.57351 &#8211; 6.280733 acc\u00e8s en voiture &nbsp;<\/p>\n","protected":false},"author":1,"featured_media":0,"parent":0,"menu_order":3,"comment_status":"closed","ping_status":"closed","template":"","meta":{"footnotes":""},"class_list":["post-163","page","type-page","status-publish","hentry"],"_links":{"self":[{"href":"https:\/\/spvl.fr\/index.php\/wp-json\/wp\/v2\/pages\/163","targetHints":{"allow":["GET"]}}],"collection":[{"href":"https:\/\/spvl.fr\/index.php\/wp-json\/wp\/v2\/pages"}],"about":[{"href":"https:\/\/spvl.fr\/index.php\/wp-json\/wp\/v2\/types\/page"}],"author":[{"embeddable":true,"href":"https:\/\/spvl.fr\/index.php\/wp-json\/wp\/v2\/users\/1"}],"replies":[{"embeddable":true,"href":"https:\/\/spvl.fr\/index.php\/wp-json\/wp\/v2\/comments?post=163"}],"version-history":[{"count":9,"href":"https:\/\/spvl.fr\/index.php\/wp-json\/wp\/v2\/pages\/163\/revisions"}],"predecessor-version":[{"id":436,"href":"https:\/\/spvl.fr\/index.php\/wp-json\/wp\/v2\/pages\/163\/revisions\/436"}],"wp:attachment":[{"href":"https:\/\/spvl.fr\/index.php\/wp-json\/wp\/v2\/media?parent=163"}],"curies":[{"name":"wp","href":"https:\/\/api.w.org\/{rel}","templated":true}]}}